 is -15 - 0 - (-2301 + 2297 - (1 + 0 + 4))?
-6
Calculate -4 + 21 + (-4 - 1) + 20.
32
Evaluate 28 + 0 - (-203 - (-213 + -66)).
-48
Evaluate (0 - -2) + -12 + (-3 - 2) + 16.
1
Evaluate 7 + (21 - (-10 + -6 + 29)) - -16.
31
What is the value of (3 - (3 - -3) - 13 - -6) + 23?
13
What is 4017 + -4043 - (-37 + -1)?
12
What is (56 - (14 + -14 + 14)) + 0 + -13?
29
What is 256 + -117 + -126 - (-50 - (1 - 1))?
63
0 - 31 - ((-10 - -357) + -257)
-121
What is the value of (-13 - (-2 - 0)) + (660 - 658)?
-9
What is (11 - (1 + -3)) + (-72 - -85) + -1 + -2?
23
(-9 - (-7 - (-13 + 22))) + 11 + -1 + 10
27
150 + -158 - (-1 - -13 - 24)
4
What is the value of (-5 - (73 - 71 - (-3 + -57))) + 17?
-50
Evaluate 35 + -24 + 15 + -6 + 0 + 3.
23
What is -255 + 98 + 145 - (-6 + 1)?
-7
Evaluate (-2 + 0 - -10) + (8 - (-5 - -20)) - -22.
23
19 + (-67 - -48) + (-13 + 0 - 0)
-13
Evaluate -10 + -4 + 22 + -5 + -128.
-125
Evaluate 8 + (-61 - -3 - (-33 + 32)) - 2.
-51
What is 1532 + -1546 + (-1 + 0 - -27)?
12
Evaluate -19 + 25 - -3 - (1 + 3).
5
Calculate (16 - (-6 - 28)) + -58.
-8
What is (11 - (8 - 2)) + 48 + (12 - 12) + 6?
59
Evaluate -2 - (2 + (10 - -5)) - -2 - 8 - 4.
-29
Calculate -21 + -89 + (-37 - -145).
-2
What is 44 + 88 - 49 - 73?
10
Calculate 1 - 0 - 82 - (56 - (112 - (33 - -25))).
-83
Evaluate -42 - (-45 - (-15 - -21)).
9
Calculate -28 + (-22 - -131) + -16.
65
What is the value of (-100 - -38) + (41 - -25)?
4
Evaluate -65 + 41 - -15 - 41.
-50
Evaluate (48 - (78 + (-29 - -26))) + (1 - 16).
-42
(51 - 78) + 63 + -50
-14
Calculate 6 + (-7 - -3) - (26 - -1) - (23 - 22).
-26
What is the value of 150 + (2 - 120) + 59?
91
What is -1 + 4 + (-130 - -102 - (-16 - 0))?
-9
Evaluate -905 + 956 - (73 - -1).
-23
What is -10 + (-54 + 54 - (-1 - (-10 - -5 - -7)))?
-7
Evaluate 1 + (6 + 46 + -57 - (0 - 3) - 30).
-31
Evaluate (-58 - (-62 - -64)) + 80.
20
-1 - (-31 + 1) - (-173 + 202 + -22) - 10
12
What is the value of -26 + (2 + 7 - 16 - -4) + -6 + 0?
-35
Calculate -60 + 0 + -4 + (42 + -38 - -6).
-54
Evaluate 114 - 56 - (4 - (2 + -15)).
41
What is 36 - (-13 + 19 + -10 - -18)?
22
What is the value of 35 - (-23 + 2 - -48)?
8
Evaluate -8 - (-68 - (-71 + 42)).
31
Evaluate 2 + -9 + (764 - 758) + (-6 - -4 - -33).
30
(-3121 - -3157) + 0 + 1
37
What is 3 + (28 - ((2 - -2) + 40 + -35)) + 10?
32
What is (23 - (4 - 3)) + (-10 - 31)?
-19
Evaluate -33 - -56 - (-5 + -14 + 3).
39
Calculate 2 + (-12 - -6) - (15 - (2 + 3) - -42).
-56
What is the value of 41 + 1 - (-549 + 599)?
-8
Calculate (-34 - (5 + -3 + -11)) + 12 - -48.
35
What is the value of 44 + -2 + 7 + -43?
6
Calculate (-47 - -19 - -40) + (5 - 0 - 4 - 49).
-36
Calculate 88 + -70 - (5 - (1 - 3 - (1 - 7))).
17
What is the value of -1 + 8 + -130 - (-25 - (-15 - (30 - 24)))?
-119
Evaluate -11 - -1 - (104 - (196 + -74)).
8
What is the value of (-1 - -16) + (34 - 27) + -14 - (29 - 1)?
-20
-1720 + 1654 - (-21 + 1) - (1 - -8)
-55
(-11 - 1) + (9 + -7 - 7) + 18 + -28
-27
Evaluate (19 - 35) + (-13 - (21 + -8)).
-42
What is -20 - (-11 + -6 - 4) - (9 + 2)?
-10
What is 10 + -58 + 42 + 56?
50
Calculate 17 - (17 - 25 - ((6 - (-8 + 12)) + -1)).
26
Evaluate -20 - (-28 - (3 + -11 - -30)).
30
What is the value of 13 - (1 + (-35 - -14) - -24) - -112?
121
Evaluate -29 - (-13 - 73 - -33) - -14.
38
Calculate -138 - -158 - (-1 + (-3 - -7)).
17
Calculate (-1 - ((7 - -8) + 6 + -12) - -39) + 7.
36
Evaluate -193 + 198 - (3 - 33).
35
What is the value of (-42 - (-42 + 21 + 0)) + 27?
6
-37 + 11 - (3 - (-5 - -10 - 13))
-37
-39 - (-5 + 0 - (-136 - -125))
-45
Evaluate -1498 + 1503 + -1 + -37 + 0 + 0.
-33
What is -50 + 27 + 89 + (12 - 12 - (-1 - -13))?
54
Evaluate 0 + 23 + (-64 - -10) + 23.
-8
Calculate -20 - (10 + 9 - 7) - 2.
-34
What is -50 - (-3 + 1 + (-6 - (8 - (14 + -4))))?
-44
What is the value of (40 + 1 - -4) + -16 + (53 - 28)?
54
What is the value of 24 - -1 - 3 - (-447 - -475)?
-6
Evaluate (17 - (53 - 29)) + -8 - (2 - 66).
49
What is the value of 1 - 23 - (-36 - (-27 - 21))?
-34
Evaluate -11 + (-31 - (4 - 38) - (32 - 1)) - -6.
-33
-34 - (-42 - -70 - 202 - -11)
129
45 + -84 - 15 - -95
41
Calculate 22 + -32 + (-5 - (-4 - (3 - -5))).
-3
What is (206 - 258) + (1 - (-6 + 10))?
-55
Evaluate (-13 - (3 - 2)) + (4 - -4) + 59.
53
What is the value of -167 + (183 - (201 - 73))?
-112
What is the value of (-229 - (-601 + 298)) + -13 + 0 + 2 + 0?
63
What is -1 - -10 - (-48 + 189 + -90 + 2 + 1)?
-45
Calculate -89 - (110 - (285 + -46)).
40
-610 + 541 + -5 + -42
-116
Evaluate 59 - (4 + (16 - 3)) - (-9 - -1).
50
Evaluate 36 - 25 - 22 - -4 - 21.
-28
What is -2 + -2 - (142 + -8 + -45)?
-93
What is -51 - -34 - (-11 - 0 - (32 - 24))?
2
What is -116 - (5 - (-15 + 28 - (-5 + 17 + -6)))?
-114
What is (21 + 0 - (114 + -109)) + 36?
52
Calculate (-254 + 216 - (-7 + -4)) + 20.
-7
What is the value of (5 + (-2 - -2) - 13) + (9 - -3)?
4
What is the value of -7 - (1 - (-6 - 2)) - (18 + -28)?
-6
What is the value of -65 - (-143 - -67) - (-13 + (0 - 1))?
25
-1 + 11 - (248 - 139 - 100)
1
What is the value of 105 - 153 - (17 + -5)?
-60
(-5 - 1) + (-110 + 52 - -7) + 39
-18
-30 + (14 - -13) - -31 - -34
62
(-8 + 6 + -9 + 6 - (51 - 80)) + -12
12
What is -65 - (-6 - (-10 + 25 + (22 - 35)))?
-57
Calculate 60 + (-13 - 15) + -41.
-9
What is -4 + (2 - (-11 - 2 - (7 - (34 - 1))))?
-15
Evaluate -92 + 41 - (-60 - -9).
0
26 + (69 - 96 - -29)
28
Calculate 21 + -12 + 22 + 4.
35
What is (-37 - 17 - -148) + -211?
-117
-27 + (-69 - -101) - (56 + -1)
-50
Evaluate 6 - (-2 + (17 - 8)) - (11 + -6 + -120).
114
Calculate ((-5 - -22) + 4 - 30) + 12.
3
What is 3 + (27 - 45 - (7 + -30))?
8
Evaluate -43 + -1 + (3 - (28 + -10 - 13)).
-46
Calculate (32 - 5) + -2 + (1 - -9) - (-1 - -5).
31
Calculate -3 - (13 - (16 + 41) - -131).
-90
Calculate 26 - 9 - (-8 - -18) - -1 - (1 - 87).
94
What is 1 + (-2 - 20) + (9 - (-10 + 7))?
-9
What is -98 - (-1 + -30 + -39 + 17 + 37)?
-82
Evaluate (-7 - -14 - (-8 - -10 - 8 - 5)) + -10.
8
What is 23 - (15 + -21) - 28 - (-6 + (-2 - -1))?
8
What is the value of (6 + 4 + 1 + -5 - 10) + 35?
31
1 + -5 + (8 + -2 + (-26 - -33) - 66)
-57
Calculate 8 + -5 + -40 + (597 - 630).
-70
Evaluate -23 - 1 - (96 + -27 + -83).
-10
Calculate -44 - (-8 - -25 - (-9 - 2 - -33)).
-39
What is (1 - (-3 + -3 - -2)) + (-6 - 1) - 92?
-94
What is the value of 1 - 5 - 4 - (31 - 66 - 1)?
28
1 - (-6 + 65 + -41 - (1 + 7))
-9
What is (6 - 13) + 5 + 2 + (-35 - (-21 + 4))?
-18
Calculate -45 + (-51 - (26 - 150)).
28
What is 13 + -59 + 14 - (-8 + -5)?
-19
21 + -5 - -17 - (0 - (-6 + 1))
28
What is 43 + (-123 - (-52 + 26 - -33))?
-87
What is 0 + 87 + -85 + (55 - -3)?
60
What is the value of -16 + (4 - (-14 + -1 - 5)) - (-1 - -87)?
-78
Evaluate -1 + 53 - (-2687 - -2670).
69
What is -12 - (26 + -45) - (31 - 7)?
-17
Evaluate (-41 - -31) + (-21 - -23 - -72).
64
What is the value of (27 - (36 + -6)) + (-2 - (46 - 1)) + 1?
-49
Evaluate 2 - 10 - ((-8 - 76) + 88).
-12
What is 10 - 16 - -23 - ((29 - 12) + 56)?
-56
Evaluate -45 - (-61 - -81 - (-4 + 40)).
-29
What is -7 + (5 - (-4 - 3 - (-25 + 0 + -1)))?
-21
What is 21 - (1 + 16 + -6 - -5) - (-1 - -56)?
-50
Evaluate 462 - (74 - -388) - (1 + 0).
-1
Calculate -18 + (-43 - -106) - 37 - (1 + 19).
-12
What is the value of (-105 + 93 - (-15 - 1) - 2) + (2 - 3)?
1
What is -1 + -16 - (62 + -70 + 30)?
-39
What is -788 + 698 - (-9 - 95)?
14
What is the value of 1203 - 1162 - (7 + -2)?
36
What is the value of -87 + -13 + 42 + 26?
-32
What is -6 + 83 + (13 - -16 - 14) + -22?
70
0 + 58 - (50 + -47 + 22)
33
2 + 80 + -4 + (82 - 97)
63
What is -109 + 76 - -64 - -59?
90
-68 + (-8 + -4 + 19 + -4 - -13)
-52
What is the value of 23 + -3 + 283 + -386?
-83
What is the value of -13 - -9 - (-7 + 16 + -2 + 3)?
-14
87 + -93 + (-2 - -1) - 53 - -14
-46
What is 24 - ((-3 - -2) + 147 + -144)?
22
(19 - (-9 - -91) - 10) + 3 - -1
-69
Calculate (4 - 4) + -54 + 42 + -65.
-77
What is the value of -17 - -30 - -16 - 27 - (-25 + 0)?
27
Calculate (46 - 76) + (-3 - -1) - -32.
0
Evaluate 128 - -58 - 91 - 63.
32
-163 + 19 + 8 + (100 - 75)
-111
What is the value of 170 - (91 + (-156 - -222))?
13
What is the value of -5 + -43 - (57 + -18 - 57)?
-30
What is the value of (-82 - -59) + -33 - -1?
-55
(-22 - -214) + -93 + -1 + -9
89
(15 + -6 - 10) + 18 + -4
13
Evaluate (-1 - 48) + (0 - -18 - (59 - 31) - -7).
-52
Calculate -13 + (-2 - 17) + (-3 - 28).
-63
What